Let r(y) = 6*y + 13. Let g(m) = 2*r(m) + 18*w(m). Let q(c) = -4*c**3 + 36*c**2 + 6. Let p be q(9). What is g(p)?
-28
Let l(b) = -b**2 - 13*b - 5. Let m(i) = -3*i**2 - 25*i - 51. Let x(o) = 3*o**2 + 29*o + 38. Let p be x(-8). Let n be m(p). Give l(n).
-5
Let y(h) be the third derivative of -5/6*h**3 + 0 + 1/60*h**5 + 0*h - 31*h**2 + 1/6*h**4. Suppose -l + 13 = 2*d - 6*d, -29 = 5*d + 3*l. Calculate y(d).
-5
Let o(k) = -k**3 + 5*k**2 - 3*k + 3. Let w = -231 + -31. Let g be 23/46 - w/4. Let j = 70 - g. What is o(j)?
7
Let w(f) = -183 + 389 - 64*f + 15*f**3 - 14*f**3 + 4*f**2 - 180. Give w(6).
2
Let f(s) be the third derivative of -s**6/120 + s**5/10 - s**4/4 + 11*s**3/6 + 78*s**2 + 3*s. Determine f(6).
-25
Suppose 0 = -59*m + 65*m - 132. Suppose 10 = -2*l + m. Let a(x) be the third derivative of x**6/120 - x**5/15 - x**4/3 - 2*x**3/3 - x**2. What is a(l)?
20
Let n = -2309 + 2309. Let g(x) be the third derivative of -3*x**3 + 13/24*x**4 + n*x + 11/60*x**5 + 0 + 18*x**2 - 1/120*x**6. Give g(12).
-6
Let r(v) = 7*v + 9 + v + 10*v - 16*v + v. Suppose 2*d + 2*d - 12 = 0, -8 = p - 4*d. Suppose -4*i + 4*l = 36, 5 = -i + p*l - 13. Determine r(i).
-9
Let y(i) = 22*i**2 - 35*i + 140. Let v(c) = 10*c**2 - 17*c + 67. Let l(m) = 9*v(m) - 4*y(m). Determine l(3).
22
Let y(n) = 20597 - 29*n**2 + 38*n + n**3 + 12*n - 20572. Calculate y(27).
-83
Suppose 14 = -s + 2*q - 0*q, 0 = 2*s + 3*q. Let b = s + 8. Let z(t) = 0 - 3 - 3*t + b*t. Calculate z(-5).
2
Let q(k) = -2*k**3 - k**2 + 1. Let u be q(1). Let z = 28 - 42. Let h(x) = -24*x. Let i(f) = 5*f. Let m(b) = z*i(b) - 3*h(b). Give m(u).
-4
Let l(d) = -d**3 - 4*d**2 - d + 5. Let a be 14/(-49) - 9640/(-28). Let y be 129/a + 2/((-48)/129). Give l(y).
35
Let g(x) = -x**2 + 6*x - 6. Suppose -8*i + 4 = -7*i + 3*j, -3*i + 4 = j. Let l(y) = -90*y**3 + 2*y - 2. Let t be l(i). Let a = t + 96. Determine g(a).
-6
Let t(r) be the third derivative of r**6/120 + r**5/15 - r**4/24 + r**3/6 + 2*r**2. Suppose 2*c + 4*p + 847 - 841 = 0, p = -3*c - 9. Determine t(c).
13
Let d(f) = -f**2 + 11*f - 7. Suppose -2 = -t + 3*h, -3*t + 4*h - 12 = -23. Suppose -t*v = 17*n - 14*n - 58, -4*n + 54 = 2*v. What is d(n)?
-7
Suppose -33*k - 24 = -35*k. Let n(t) = k*t - 13*t - 15 + 14. Determine n(0).
-1
Let w(q) = -5*q**3 - 2*q**2 + 4*q**3 + 2 + 0. Let n(a) = -a**3 + 3*a**2 + 4*a + 2. Suppose -4*u + 2*i = -26, -2*i = u - 0*i + 6. Let f be n(u). What is w(f)?
-14
Let d(m) be the second derivative of -m**4/12 + 19*m**3/6 - 14*m**2 + 566*m + 1. What is d(14)?
42
Let h(d) be the third derivative of -d**4/6 - 44*d**3/3 - 355*d**2 + 3*d - 1. Determine h(-20).
-8
Let y(d) = -d**3 + 8*d**2 + d - 32. Let f(u) = -2*u**3 + 23*u**2 + 3*u - 91. Let x(z) = -6*f(z) + 17*y(z). Determine x(1).
-6
Let b(s) = s**2 - 6*s - 3. Let m(c) = -c**3 + 2*c**2 + 42*c + 41. Let x be m(-5). Give b(x).
-3
Let v(h) = 5*h**3 + 13*h**2 + 33*h - 15. Let j(b) = -14*b**3 - 39*b**2 - 96*b + 44. Let g(z) = 4*j(z) + 11*v(z). Calculate g(-11).
0
Let b(t) = -t**3 + 4*t**2 - 3*t - 1. Suppose 3*i - 4 = -5*d, i + 80 = -5*d + 78. What is b(i)?
-1
Let k be -3 + 2 - 6*(-1)/(-3). Let q(p) = 3 + 17*p - 11*p + 1 - 10 - 10*p. Calculate q(k).
6
Let i = 1692 - 1689. Let r(a) = -47*a + 134. Give r(i).
-7
Suppose -61*x - 22*x + 19*x = -960. Let b(l) = -2*l**2 + 32*l - 36. Give b(x).
-6
Let v(l) = l**2 + 7*l - 7. Suppose -196 - 266 = -2*x. Suppose 0 = -16*n + 49*n + x. What is v(n)?
-7
Let o be (6/5)/(2/(-10)). Suppose -5*f - 3*l = -70, -18*l + 12 = f - 17*l. Let b(i) = -3*i - 6. Let s(z) = -z - 2. Let u(k) = f*s(k) + o*b(k). What is u(0)?
2
Suppose 2*g - 11 = -25. Let h be -3 + (g/(35/(-15)) - -6). Let n(o) = o + 2. Determine n(h).
8
Let w(f) = f**2 - 32*f + 46. Suppose -54*j + 52*j + 70 = q, 5*j - 179 = -3*q. Determine w(j).
15
Let u(c) be the third derivative of c**6/120 + c**5/30 - c**4/24 - c**3/6 + 2*c**2. Let y be 7*(-36)/1 - 5. Let g = 259 + y. Calculate u(g).
13
Suppose 19584*u = 19565*u + 285. Let j(v) be the third derivative of -u*v**2 - 7/24*v**4 + 0*v - 1/3*v**3 - 1/60*v**5 + 0. What is j(-3)?
10
Let b(n) = 16*n**2 + 17*n + 29*n + 15*n**3 + 20*n + 15*n**3 + 29 - 29*n**3. Determine b(-6).
-7
Let j = -305 + 298. Let h(y) be the second derivative of 2*y + 5/2*y**2 + 1/6*y**3 + 0. Calculate h(j).
-2
Let t(z) be the third derivative of -23*z**5/60 + 49*z**4/24 + 37*z**3/6 + 80*z**2. Let u(y) = -5*y**2 + 12*y + 9. Let q(d) = 2*t(d) - 9*u(d). Give q(-9).
2
Let i = 3644 + -3644. Let o(w) be the third derivative of 14*w**2 + 4/3*w**3 - 1/12*w**4 + 0*w + i. What is o(7)?
-6
Let h(g) be the third derivative of 1/12*g**4 + 12*g**2 - 2/15*g**5 + 0 + 1/120*g**6 + 0*g - 5/3*g**3. Give h(8).
6
Let f(m) be the first derivative of -m**4/4 + 8*m**3/3 + 11*m**2/2 - 18*m + 989. Calculate f(9).
0
Let n(j) = j**3 + j**2 + j - 27. Suppose -2*h + 340 = -k + 60, -2*k - 4*h = 584. Let s = -286 - k. What is n(s)?
-27
Let d be (8/(-6))/(1 + 116/(-120)). Let i be (1/2)/(2 - (-90)/d). Let s(y) = 3*y**3 + 2*y**2 - 3*y - 3. Calculate s(i).
-13
Let n be (1 + -3)/((-42)/(-105)). Let i(t) be the second derivative of 3*t**2 + t + 0 + t**3 + 1/12*t**4. Determine i(n).
1
Let s(v) = -v**3 - 8*v**2 + 7. Let u be 21/(-9)*(-3 - (4 + -4)). Let m(g) = -12*g**2 + 83*g - 1. Let q be m(u). What is s(q)?
7
Let t be 0*((-270)/(-45) - 33/6). Let d(b) be the third derivative of b**4/24 + 2*b**3 + 2*b**2. What is d(t)?
12
Let w(g) = -g**2 + 7*g + 49. Let f = -5127 - -5136. Determine w(f).
31
Let s(c) be the first derivative of c**2 + 5*c + 1. Let y be (4 - 3)*(12 + -9). Let q be ((-2)/6)/(y + (-280)/96). Give s(q).
-3
Let j(b) = -2*b + 15. Let u(d) = 191*d + 3265. Let f be u(-17). Give j(f).
-21
Let g(a) = -175 - a + 113 + 87. Let b be g(23). Let n(t) = t**3 - 3*t + 3. Determine n(b).
5
Let k(p) = 2589 - 2*p - 5174 + p + 2595. Let r(d) be the first derivative of -d**3/3 + 2*d**2 + d - 4. Let n be r(2). Determine k(n).
5
Let r be 2/4 + (-57)/6 + 3. Let g(c) = -5*c**2 - 15*c. Let v(s) = s**2 + s - 1. Let o(y) = r*v(y) - g(y). Let w be (-88)/(-9) - (-10)/45. Determine o(w).
-4
Let x(v) be the first derivative of -1/24*v**4 + 1/120*v**5 + 0*v**2 - 4*v**3 + 0*v + 12. Let o(k) be the third derivative of x(k). Calculate o(3).
2
Let l(t) be the first derivative of 12*t**2 - 5*t - 804. Determine l(2).
43
Let a(p) = 26 + 33*p + 35*p + 27*p - 106*p - 13*p**2 - p**3. Calculate a(-12).
14
Let r(p) = 7*p**3 - 2*p**2 + 11*p - 9. Let t(f) = 2*f**3 + 4*f - 3. Let b(m) = r(m) - 3*t(m). Let o = 17 - 13. Calculate b(o).
28
Let c(d) = d - 2. Suppose -4*x - 6*f + 2*f = -76, 0 = -5*x + 5*f + 115. Suppose 4*i - 63 = x. Suppose -25 = -h - i. What is c(h)?
2
Let i(d) = -d + 14. Suppose -5*v = -4*g - 0*g - 70, 14 = v - 2*g. Suppose 0*r = 7*r - v. Let b = r + 4. What is i(b)?
8
Let a(k) be the third derivative of k**6/120 - 7*k**5/60 + 11*k**4/24 - 35*k**3/6 + 221*k**2 + 3. Calculate a(6).
-5
Suppose 4*s + 4*y = -16, 3*s + 13 = -3*y - y. Suppose 3*t - 18 = -5*k, -5*k + 0*t + 19 = 4*t. Let g(h) = 1 + k + 2*h - h**2 - h. Determine g(s).
-8
Let o(g) = -16*g - 379. Let d be o(-24). Suppose -p + 0*p = -762. Let n(f) = -d*f - 762 + p. What is n(-1)?
5
Let y(v) be the first derivative of -1/3*v**3 + 17 + 2*v + 0*v**2. Determine y(-4).
-14
Let f(m) = 26*m**2 + 599*m + 30. Let h be f(-23). Let s(t) = -t**3 + 8*t**2 - 12*t + 4. What is s(h)?
-31
Let c(y) = 3*y - 3. Let h = -30 - -40. Let l(q) = 29*q - 288. Let w be l(h). Give c(w).
3
Let g(h) = -8*h + 1. Let y = 3418 + -3419. Give g(y).
9
Let c(a) = a**3 - 3*a**2 + a - 3. Let q(s) be the third derivative of 0 + 7/6*s**3 - 12*s**2 + 1/24*s**4 + 0*s. Let w be q(-4). Calculate c(w).
0
Let h(t) = -5*t + 9. Let x(a) = 2*a**2 + 34*a + 24. Let n(y) = 6*y**2 + 103*y + 72. Let p(q) = 3*n(q) - 8*x(q). Let g be p(-18). Determine h(g).
-21
Let t be ((-6)/(-21))/(4/(-140)*-5). Let c(m) = -499*m - 16 + 516*m - 8 - m**t. What is c(16)?
-8
Let q(u) = -7*u + 376. Let y(h) = 2*h - 106. Let g(o) = -5*q(o) - 18*y(o). Calculate g(-10).
38
Let c(g) = 13*g + 48. Let x(s) = 28*s + 110. Let q(u) = 7*c(u) - 3*x(u). Give q(4).
34
Let i(l) = -9*l**3 - 8*l**2 - 19*l + 8. Let g(z) = 3*z**3 + 3*z**2 + 7*z - 3. Let p(n) = 8*g(n) + 3*i(n). Let k be p(1). Let d(q) = 8*q + 5. Calculate d(k).
-27
Let k be 230/(-1495) + 2/13. Let w(p) be the third derivative of 0*p + 